nd 15.
15
Let s = -43 + 46. Let m(p) = -p + 11. Let y be (-3)/(-12) + 19/4. Let g be m(y). Calculate the greatest common divisor of s and g.
3
Suppose -3*l = 5*h - 250, 0 = 3*l + 4*h - 371 + 123. Suppose n = 6*n - l. What is the highest common factor of n and 64?
16
Let i be (-2)/8 + 260/16. Calculate the highest common factor of i and 80.
16
Let z be 4/3 + 639/27. Calculate the greatest common divisor of z and 20.
5
Let u(g) = 3*g**2 - 4*g + 4. Let m be u(2). Calculate the highest common factor of 64 and m.
8
Suppose -z - 2*c + 161 = -4*c, 4*z - 3*c = 624. Let p = 23 + -6. Calculate the greatest common divisor of p and z.
17
Let i(t) = -2*t + 2. Let x be i(-11). Suppose 0 = -3*n + 48 + x. Calculate the highest common factor of n and 16.
8
Suppose 4*x - 2*x - 46 = -4*d, 5*d + 2*x - 57 = 0. What is the highest common factor of 77 and d?
11
Suppose 56 = 6*g + 2. Calculate the greatest common divisor of g and 1.
1
Suppose 75 = 8*f - 29. Let x(g) = 2*g + 6. Let m(k) = 7*k + 24. Let p(w) = -2*m(w) + 9*x(w). Let q be p(5). What is the highest common divisor of q and f?
13
Let v = 467 + -215. What is the greatest common factor of 28 and v?
28
Suppose 3*s = 5*s - 54. What is the greatest common factor of s and 9?
9
Let o be 14 - (1 - -2 - 4). Let b = o - 10. What is the highest common divisor of b and 2?
1
Let q(x) = -2*x**3 + x**2 + 2*x + 6. Let g be q(7). Let n = g - -905. Suppose -y = 3*y - n. What is the greatest common factor of 9 and y?
9
Let h(b) = -5*b - 6. Let t be h(-4). Let x be 1*-2 - 7/(-1). Suppose 3*w = -x*k + 90, 4*k - 83 = k + 4*w. Calculate the greatest common divisor of t and k.
7
Suppose -633 = -8*k + 39. Suppose -l = 4*s - 84, 4*s - 63 = s + 4*l. What is the highest common factor of k and s?
21
Suppose -4 = -2*w + 20. Let x = w - 6. Let j be x/27 - (-104)/18. Calculate the highest common divisor of j and 3.
3
Suppose 5*h - 4*a - 22 = 0, -5*h = -0*a + 2*a - 34. Let y = h + 0. Calculate the highest common factor of 30 and y.
6
Let v = -42 - -54. Calculate the greatest common factor of v and 12.
12
Suppose -29 - 35 = -i. What is the greatest common factor of i and 24?
8
Suppose 12 + 0 = 3*p. Let h be 312/22 - p/22. What is the highest common divisor of h and 98?
14
Suppose 12 = -3*g, -2*g - 172 = -3*s - 4*g. Calculate the greatest common divisor of s and 5.
5
Suppose 2*i + 497 = 5*n, n + i - 6*i = 104. Suppose -2*t - 5*q = t - 32, -t - 6 = 5*q. Let f = t - 10. What is the greatest common divisor of f and n?
9
Let l be (-5 - 0)*(-171)/15. Calculate the highest common factor of l and 19.
19
Let t be -3 + 2 + 1 + 2. What is the greatest common factor of t and 10?
2
Let r(n) be the second derivative of 0 + 5/12*n**4 - 2*n - 1/3*n**3 + 0*n**2. Let z be r(2). What is the greatest common divisor of 128 and z?
16
Let m(g) = g**3 + 11*g**2 + 11*g + 20. Let w be m(-10). What is the highest common divisor of w and 4?
2
Suppose -2*y + 4*j + 64 = 0, 0*j = -y - j + 17. Let a = 46 - y. What is the greatest common divisor of 168 and a?
24
Suppose 5*q - y = 675, 41 - 716 = -5*q - 4*y. Calculate the highest common divisor of 5 and q.
5
Let g be ((-8)/(-10))/((5/1)/50). What is the highest common divisor of g and 88?
8
Suppose -283 = -4*k + 3*q, 76 = k - q + 5. Calculate the highest common divisor of k and 10.
10
Let i = -98 - -140. Calculate the greatest common factor of i and 7.
7
Let o(p) be the first derivative of -p**4/4 + 2*p**3 - 9*p**2/2 + 9*p - 2. Let k be o(6). Let j = -29 - k. What is the greatest common divisor of 2 and j?
2
Let y = 24 - -10. What is the highest common factor of y and 170?
34
Let q be (-2 - 64/(-14))/((-15)/(-70)). Calculate the highest common divisor of 12 and q.
12
Suppose 0 = d - 1 - 0. Let o(q) = 5 - 1 + d - 7*q. Let k be o(-4). Calculate the highest common divisor of k and 11.
11
Let y be 18/(1/(-1))*-1. Let x = 63 + y. Suppose -29 = -2*q + x. Calculate the greatest common factor of 11 and q.
11
Let u(h) = -2*h - 41. Let n be u(-21). What is the greatest common factor of 5 and n?
1
Suppose 3*v + 2*v = 25. Suppose -r - 68 = -4*y, -2*y + 13 = v*r + 1. Calculate the greatest common factor of 32 and y.
16
Suppose -171 - 69 = -6*b. Calculate the greatest common factor of 16 and b.
8
Let s(f) = 0 + 1 - 6*f + 1 - 11*f. Let i be s(-2). What is the highest common divisor of i and 24?
12
Suppose 5*d = 90 + 440. Let m be ((-84)/(-10))/(3/(-15)). Let b = m + d. Calculate the highest common divisor of b and 16.
16
Suppose -5*c + 44 = 2*h, 3*h + c - 64 = -2*h. Let s be (-4)/(h/(-135)) - -1. What is the highest common factor of s and 115?
23
Let n(h) = -h**3 - 8*h - 5. Let u be n(-6). Calculate the highest common divisor of u and 37.
37
Let w = -4 - -6. Suppose -5*p + l = 173, 5*p + 0*p + w*l = -179. Let o be (-10)/p - 439/(-7). What is the highest common divisor of o and 7?
7
Let v be ((-80)/6)/((-1)/6). Calculate the greatest common divisor of 10 and v.
10
Suppose -3*k + 4*q - 8 = 2, q - 2 = k. Suppose n - 155 = -5*i + k*i, 163 = 3*i + 5*n. What is the highest common divisor of 34 and i?
17
Let o = -94 + 164. Suppose 2*n - 9 = 1. Suppose -n*d = -0*d - 70. Calculate the highest common divisor of o and d.
14
Let d = -2 + 2. Let t(g) = g**3 + 14. Let i be t(d). Suppose 200 - 1096 = -16*b. Calculate the highest common divisor of b and i.
14
Let o = -8 - -5. Let z(x) = 7*x**2 - 3. Let j be z(o). Calculate the greatest common divisor of 12 and j.
12
Let s be 1 + 13/(65/90). Suppose 5*l - w - 471 = -0*w, 0 = 2*l + 3*w - 202. Calculate the greatest common factor of l and s.
19
Let h = 144 - 48. What is the greatest common divisor of 12 and h?
12
Let i = 14 + -7. Suppose -w - 276 = -5*w - 2*k, -134 = -2*w + k. Suppose -5 + 2 = -3*g, -y + w = 5*g. What is the greatest common factor of i and y?
7
Let k(z) = z**3 + 10*z - 5. Let u be k(5). What is the greatest common divisor of 68 and u?
34
Let v be ((15/(-6))/5)/(1/(-56)). What is the highest common factor of v and 56?
28
Suppose -16*o - 94 = -2910. What is the greatest common divisor of 11 and o?
11
Let x = 3 - 4. Let j be (-1 - x)*2/2. Suppose j*y + 30 = 3*y. Calculate the greatest common divisor of 110 and y.
10
Suppose -c - 5*p = -6*c + 20, -5*p - 6 = 2*c. Calculate the highest common factor of c and 46.
2
Let s(q) be the second derivative of q**5/20 + q**4/6 - q**3/6 - q**2 + 5*q. Let p be s(2). Calculate the highest common divisor of 84 and p.
12
Let o be (208/55 + 2/(-11))*70. Calculate the greatest common divisor of o and 28.
28
Let g be -7 - -53 - (-4)/(-2). Calculate the highest common factor of 198 and g.
22
Suppose -p + 3*p = 0. Suppose 3*i - 199 = -2*h, p = -5*h + 4*i + 271 + 215. Calculate the highest common factor of h and 14.
14
Let u = 63 - 28. Let g be (3/3*2)/(-2). Let w(k) = 13*k**2 + 1. Let l be w(g). Calculate the highest common divisor of l and u.
7
Let a = 6 + -3. Let n(o) = o**2 - 5*o + 3. Let f be n(a). Let w = 5 + f. Calculate the greatest common divisor of 2 and w.
2
Let x(f) = 2*f + 7. Let p be x(7). Let c = p - 11. Suppose c = o + 4*r, -20 = -o - 3*o + 4*r. Calculate the greatest common factor of 24 and o.
6
Let z be 36/(-8)*4/(-6). Let w be 2 + 8 + 3/z. Let x(f) = 33*f. Let u be x(3). What is the greatest common divisor of w and u?
11
Let j(r) = 2*r + 4. Let v be j(-3). Let b be 292/6 - v/(-3). Let u be (-3)/9 - (-74)/6. Calculate the highest common factor of b and u.
12
Let n(q) = q**3 - 5*q**2 + 5*q. Let m be n(4). What is the highest common divisor of 12 and m?
4
Suppose d - 2*c = 50, -2*d + 3*c - 156 = -6*d. What is the greatest common factor of 147 and d?
21
Suppose -h - 29 = -r, -r - 5 = -5*h - 42. Let i = r - 13. Suppose 109 = q + 3*q + 5*j, -5*q + 2*j + 95 = 0. What is the highest common divisor of q and i?
7
Suppose -2*g = -d + 4, d - 5*d + 2*g = -28. Suppose 4*i + 20 = -i. Let x = d - i. Calculate the highest common factor of 12 and x.
12
Let g(p) = -3*p**3 - p**2 - 2*p - 2. Let f be g(-2). Suppose 2*a = 6*a - 132. Calculate the highest common factor of f and a.
11
Let f(p) = -2*p**3 - 8*p**2 + p + 3. Let j be f(-5). Calculate the highest common divisor of 120 and j.
24
Suppose 0 = -51*x + 46*x + 55. Let w = -263 - 230. Let k be w/(-5) - 2/(-5). Calculate the greatest common divisor of x and k.
11
Let t be (203/28)/(1/16). Let w = -190 - -369. Let